, what is 12 + 1314342101?
1314342113
In base 10, what is 3478 - 2232?
1246
In base 3, what is -11200221111 + -1021012?
-11202012200
In base 2, what is -100110110110100011100010 - 100?
-100110110110100011100110
In base 2, what is 100111011110110010011010111010 - 0?
100111011110110010011010111010
In base 12, what is -27416 + -1064?
-2847a
In base 5, what is 302300 + -102411?
144334
In base 3, what is -121101 - 101221?
-1000022
In base 9, what is -64 - -4526375?
4526311
In base 14, what is 1da + -23385?
-23189
In base 4, what is -1221101 - -12311132?
11030031
In base 16, what is -6b36b + 4?
-6b367
In base 4, what is -11300113002 + 2102?
-11300110300
In base 2, what is 101011101000100001110100 + -100?
101011101000100001110000
In base 6, what is -131325 + -3200?
-134525
In base 14, what is -3d30776 - -6?
-3d30770
In base 10, what is 563783 + -3?
563780
In base 6, what is 33233 - 102342?
-25105
In base 13, what is -3 + 144a2c45?
144a2c42
In base 12, what is -2 + -563881?
-563883
In base 12, what is 4 + 56156327?
5615632b
In base 8, what is -443171335 - -5?
-443171330
In base 6, what is -2201555231 - 2?
-2201555233
In base 16, what is 0 + -45119ae?
-45119ae
In base 4, what is 11 + -20001301010101?
-20001301010030
In base 10, what is -331264263 - 4?
-331264267
In base 11, what is 15253 - 7a?
15184
In base 14, what is -2 + 1476476?
1476474
In base 15, what is -1b38c4 + 1?
-1b38c3
In base 5, what is -4 - 342410433440?
-342410433444
In base 5, what is 1012313101 - 12?
1012313034
In base 6, what is -2125 - -3051221?
3045052
In base 7, what is -2115221032 + -12?
-2115221044
In base 10, what is -84 - 1593085?
-1593169
In base 16, what is 1 - e60fe6?
-e60fe5
In base 6, what is 124555352 + 4?
124555400
In base 3, what is -1001200001202002 + -22?
-1001200001202101
In base 11, what is -64844 - -5?
-6483a
In base 10, what is 137 - 70913?
-70776
In base 10, what is -17099793 - -1?
-17099792
In base 14, what is -c1b8 + 1228?
-ad90
In base 16, what is -249105 + -67?
-24916c
In base 16, what is -11e1 + 8a17?
7836
In base 6, what is -45 - -15040134?
15040045
In base 12, what is -577 - -56812?
56257
In base 4, what is 3200 + -32232231?
-32223031
In base 2, what is -10111010 + -1010111010111?
-1011010010001
In base 7, what is -13643064 + 26?
-13643035
In base 8, what is 132173006 - -3?
132173011
In base 14, what is -1d37879 - 1?
-1d3787a
In base 3, what is -121211012101011202 - 2?
-121211012101011211
In base 8, what is 2 + -17021412?
-17021410
In base 3, what is 221022100121101 - 201?
221022100120200
In base 7, what is -20203 - 1164?
-21400
In base 15, what is -e0e + 1d1?
-c2d
In base 2, what is 11 - -11100001001101010000111010?
11100001001101010000111101
In base 6, what is 452 - 230155?
-225303
In base 6, what is 551430 + 10405?
1002235
In base 14, what is -63 - -81d90?
81d2b
In base 13, what is -5 + b811361?
b811359
In base 11, what is -4 + -579a27?
-579a30
In base 14, what is -3478d8 - 0?
-3478d8
In base 14, what is -9b31 - b1?
-9c02
In base 8, what is -101105 + 74?
-101011
In base 14, what is 6 + -1b94218?
-1b94212
In base 7, what is -52 - 61550?
-61632
In base 13, what is -65 - -190382?
19031a
In base 11, what is 4661 + -14484?
-a923
In base 7, what is 6 + -2110466?
-2110460
In base 8, what is 153262005 - -7?
153262014
In base 6, what is 13123022 + 40?
13123102
In base 3, what is 1010221221 + 222100?
1011221021
In base 10, what is -163 + 686861?
686698
In base 15, what is -1b1 + 31b316?
31b155
In base 9, what is 7 + -110884608?
-110884601
In base 12, what is -293 - -21b7?
1b24
In base 16, what is -8 + 4ab636?
4ab62e
In base 13, what is 5cc1 - -313?
6304
In base 6, what is -115054 - 144554?
-304052
In base 11, what is -23 + 52a24?
52a01
In base 16, what is -aa1f35 + -1?
-aa1f36
In base 15, what is c742689 - -3?
c74268c
In base 13, what is ac51 + -4c8?
a756
In base 2, what is -110000001110101 - 11110010100111?
-1001110100011100
In base 8, what is -51777 - -5672?
-44105
In base 2, what is 111000100101110 + 1100000101111?
1000100101011101
In base 6, what is -23313411224 + -5?
-23313411233
In base 7, what is -10361 - 63641?
-104332
In base 8, what is 561 + -50413?
-47632
In base 14, what is 1ad94c0 + -15?
1ad94a9
In base 11, what is 1288 + -20962?
-1a685
In base 16, what is -5 + 567e2a?
567e25
In base 4, what is -20010 + 1131233301?
1131213231
In base 16, what is 3a0a2 - -10d?
3a1af
In base 10, what is -4330815 - 2?
-4330817
In base 3, what is 0 - -11010202200022?
11010202200022
In base 7, what is -2 + 10646331?
10646326
In base 6, what is 1 - 3050054?
-3050053
In base 6, what is 144143151 + 1?
144143152
In base 3, what is 100000222012212 - 2020?
100000222010122
In base 4, what is -300 + -21231233213?
-21231300113
In base 16, what is 33451 + 38?
33489
In base 8, what is 24243514 - 4?
24243510
In base 5, what is -1412034213 - 20?
-1412034233
In base 2, what is -1100011101000 + 111011001110?
-101000011010
In base 13, what is 113351 - 457?
112bc7
In base 11, what is 0 + -48a8273?
-48a8273
In base 7, what is 1200354 + -62?
1200262
In base 14, what is -1cd3 - 7cc?
-26c1
In base 9, what is 1068 - -2164?
3243
In base 16, what is 6a2 - -6ccb?
736d
In base 9, what is -87 - 7485?
-7583
In base 11, what is 9a82 + 860?
a832
In base 9, what is -306836 - -67?
-306758
In base 5, what is -1430122332 + -22?
-1430122404
In base 14, what is 3a2c18 + -14?
3a2c04
In base 10, what is -13398 + 1560?
-11838
In base 14, what is 53176 + 0?
53176
In base 10, what is 179 + 245518?
245697
In base 8, what is -12470041 + 370?
-12467451
In base 2, what is 1000000100001 - -1000000001011?
10000000101100
In base 13, what is -7392 - 629?
-79bb
In base 3, what is 2010122222102 + 10110?
2010200002212
In base 16, what is 2f8 - -3b614?
3b90c
In base 12, what is -4480591 + -2?
-4480593
In base 9, what is 131 - 124275?
-124144
In base 14, what is -2a + 23da?
23b0
In base 5, what is 13414201 + -22422?
13341224
In base 2, what is 100100001 + -10010010010010001?
-10010001101110000
In base 4, what is -10022120 + -23211?
-10111331
In base 13, what is 112 + -3329a?
-33188
In base 11, what is -14a - -43651?
43502
In base 6, what is 4 - -1013225234?
1013225242
In base 10, what is -24827292 + -21?
-24827313
In base 9, what is -51840 + -147?
-52087
In base 16, what is 612a - -120?
624a
In base 9, what is -60 + 61641?
61571
In base 13, what is 16 - 636104a?
-6361034
In base 8, what is -1767726 - -10?
-1767716
In base 8, what is 100 - 1075257?
-1075157
In base 13, what is -1a027 + 143?
-19bb4
In base 2, what is -1000000010100001000001 + 10?
-1000000010100000111111
In base 5, what is 2310233023312 + 1?
2310233023313
In base 12, what is -18211290 - 4?
-18211294
In base 7, what is -2000 + -216226?
-221226
In base 11, what is -1456551 - 5?
-1456556
In base 14, what is 1 - 189b0056?
-189b0055
In base 14, what is -2c - 2d6d4?
-2d722
In base 9, what is -3583886 - 10?
-3584006
In base 15, what is -1ba92 - 110?
-1bba2
In base 12, what is -24a5395 - -5?
-24a5390
In base 2, what is -10010000010111011000010 - -101?
-10010000010111010111101
In base 4, what is 10 - 10010320310002?
-10010320303332
In base 7, what is -34412026 + 25?
-34412001
In base 10, what is -36 - -5437255?
5437219
In base 2, what is 0 + 100010101110001001010?
100010101110001001010
In base 9, what is -15 + 1566772?
1566756
In base 4, what is -33 + 102020031222?
102020031123
In base 12, what is 1241 + 4043?
5284
In base 3, what is -2020112011120010121 - -1?
-2020112011120010120
In base 3, what is -1002112221201222210 - 11?
-1002112221201222221
In base 12, what is -4 - -294777?
294773
In base 14, what is bdd69222 - 3?
bdd6921d
In base 10, what is -3570 - -1403?
-2167
In base 9, what is 0 - -13605065?
13605065
In base 8, what is 6 + 11016771?
11016777
In base 13, what is -5 + 81a418b?
81a4186
In base 10, what is -303829579 + 2?
-303829577
In base 3, what is -111122111101101 + 211?
-111122111100120
In base 9, what is 6374 + 7662?
15146
In base 2, what is 1100000110011 - 10001100111?
1001111001100
In base 4, what is -130 - -20332321?
20332131
In base 9, what is -16 + 237170?
237153
In base 15, what is -3 - -d97be75?
d97be72
In base 6, what is -24023555 - 10?
-24024005
In base 16, what is -187e2 + 123?
-186bf
In base 10, what is 305023 - -234?
305257
In base 6, what 